the greatest common divisor of w and 75?
15
Let j(h) = h**2 + 32*h + 174. Let a be j(-6). Let i be a/(-4 - 13/(-3)). What is the highest common divisor of i and 6?
6
Let g(x) = 141*x + 75. Let b be g(0). Let z(v) = -46*v - 1. Let k be z(-1). What is the highest common divisor of k and b?
15
Let f = -2519 - -2549. Calculate the highest common divisor of f and 1410.
30
Let k(s) = -4*s - 77. Let c be k(-20). Suppose -35 = -4*l - c*q + 64, q = -3*l + 73. Calculate the greatest common divisor of 56 and l.
8
Suppose l + 10 = 14. Suppose -2*n = -3*p - 13, l*p + 19 = 3*n - p. Let a be (-2 + 40/14)/((-15)/(-70)). Calculate the highest common divisor of n and a.
4
Suppose -5*v + 7 = -3*p, -2*v = p + p - 6. Let i(t) = 3*t**2 + v*t**2 - 21 - 3 + 8*t - 4*t**2. Let b be i(-12). Calculate the highest common factor of 16 and b.
8
Let k be 1*21*6/9. Let w(l) be the first derivative of l**2/2 + 22*l - 40. Let b be w(k). What is the highest common divisor of 4 and b?
4
Let j be 51/3 + (-16)/2. Suppose -4*m = -5*o + 1694, -o + 5*m - 3*m = -334. What is the highest common divisor of j and o?
9
Suppose -16*h = 3*h - 77140. Suppose -21*g + h = 7*g. What is the greatest common factor of g and 58?
29
Suppose 4*c = -5*t + 8396, -22*c + 8436 = -18*c - 5*t. Calculate the highest common divisor of c and 8.
8
Suppose 4*y + 2 + 14 = 0, -3*y + 16 = 4*g. Suppose 2*p = -5*b + 196, -5*p + g*b + 560 = 2*b. Calculate the greatest common factor of 36 and p.
36
Suppose 0 = 16*q + 89 - 393. Calculate the highest common factor of q and 4617.
19
Let t be (1 - 0) + (-2)/(-1). Let n be (-1)/t + 3682/21. What is the highest common divisor of 25 and n?
25
Suppose -57*j - 60188 = -424*j. What is the greatest common factor of 1804 and j?
164
Let j(o) = 27*o**2 - 37*o + 30. Let q be j(1). Let c(z) = z**2 - z - 2. Let h be c(2). Suppose h*m - 4*m = -200. What is the greatest common factor of m and q?
10
Let s(n) = -813*n + 29. Let a be s(-1). What is the highest common divisor of a and 14?
2
Suppose -116 = 3*q - y + 222, -222 = 2*q + y. Let n = q + 5. Let b be 1*(4/(-14) - n/7). Calculate the greatest common divisor of b and 5.
5
Let g = 3630 + -1242. What is the greatest common factor of g and 12?
12
Let s = 1376 - 1336. What is the highest common factor of 3820 and s?
20
Suppose 48*i - 34578 - 221742 = 0. Calculate the highest common divisor of 120 and i.
60
Suppose 0 = z + 3*z - 16. Suppose 0 = -17*l - 4*l - 42. Let b be -2 + (2 - l)/((-8)/(-36)). What is the greatest common factor of z and b?
4
Suppose 280 = 4*v + 10*v. Suppose -11*t + 159 + 94 = 0. Suppose 5*m = -2*x + 890, 2*m + 18*x - 385 = t*x. Calculate the highest common factor of m and v.
20
Suppose -576 + 121 = -5*u. Suppose 0 = 5*p - 9 - 26. Calculate the greatest common factor of p and u.
7
Let k(j) = 44*j**2 - 13*j - 48. Let u be k(-5). What is the highest common divisor of u and 1?
1
Suppose 2*b = 3*f - 4744, -4*f - 686 = 4*b - 6958. Calculate the greatest common divisor of 12 and f.
4
Suppose -6*a + 22 = -a - 2*c, -2*a - c + 16 = 0. What is the greatest common divisor of a and 1194?
6
Let r(x) = 19*x**3 + 4*x**2 + 3*x. Let f be r(-1). Let v = f + 27. What is the greatest common divisor of v and 3?
3
Let f be (-7 - (9 + 26))*(1 + 18/(-14)). What is the greatest common factor of 2550 and f?
6
Let g be (-1 + (-3)/(-4))*(151 - 151). Suppose -5*s + 107 + 53 = g. Let l(m) = -m - 1. Let d be l(-5). What is the greatest common divisor of d and s?
4
Let i be ((-4)/(-7))/(110/4620)*(-34)/(-4). What is the highest common divisor of 238 and i?
34
Let w be 61465/15 + (-3)/2*20/(-90). Calculate the highest common divisor of 6 and w.
6
Let k be (-2)/10 - 76228/(-340). Suppose -75*t + 67*t + k = 0. Calculate the greatest common factor of 21 and t.
7
Let m(n) = 3*n**3 - 3*n**2 - n + 3. Suppose -20 - 4 = -12*g. Let x be m(g). Suppose 6*h - 10*h = -416. Calculate the greatest common divisor of x and h.
13
Let s(v) = -3*v**2 - 12*v + 17. Let f be s(5). Let g = 124 + f. Calculate the highest common divisor of g and 9.
3
Suppose 67*k - 1240 = -103*k + 108*k. What is the highest common factor of 4550 and k?
10
Let l = 2 - -5. Suppose -l*c + 42 = -7. Suppose 8*i - 42 = 2*i. Calculate the highest common divisor of i and c.
7
Let r = -82 - -116. Suppose 0 = d + 5*u - 12, u + r = 5*d. Suppose 0 = 351*c - 299*c - 1092. What is the highest common factor of c and d?
7
Let d = 128 + -138. Let m be (-2)/d - 5/25 - -49. Let c(b) = -b + 1. Let o be c(-6). Calculate the greatest common divisor of m and o.
7
Let p be (1 + -1)/(-2 + 3). Suppose 200 = 2*c - p*c. Let u = c + -28. What is the greatest common factor of u and 8?
8
Suppose 12*r = q + 18*r - 159, 5*q = 2*r + 571. What is the greatest common factor of q and 195?
39
Suppose -5*a + 5*v + 144 = 44, 2*v = 0. Suppose 2*k = -a + 30. What is the highest common factor of k and 125?
5
Let i be 63336/(-1015)*(-10)/4. What is the highest common factor of i and 84?
12
Let t = -687 + 288. Let a = -195 - t. What is the highest common factor of a and 24?
12
Let z(f) = -f**3 - 3*f**2 - 8*f + 1314. Let g be z(0). What is the highest common factor of g and 72?
18
Suppose 7*t - 27 = 6*t. Suppose 25*k + 112 = t*k. Let n(p) = -p**3 - 13*p**2 + 22*p + 20. Let u be n(-15). Calculate the highest common factor of u and k.
28
Let i = 532 - 224. Suppose -2*k - i = -9*k. Let r = -79 - -90. Calculate the greatest common divisor of r and k.
11
Let o(s) = -28*s + 88. Let f be o(3). Let j be 34 - f/(-12)*-15. What is the highest common divisor of j and 87?
29
Suppose 0 = 2*w - 0*w. Let n = -1808 - -1815. Suppose w*y = -n*y + 189. Calculate the greatest common divisor of 9 and y.
9
Let v be 10 + (-7)/(35/10). Let q(c) = 7*c - 14. Let f be q(v). Suppose 6*p - 4*b - f = 3*p, 2*b + 16 = p. Calculate the highest common divisor of 50 and p.
10
Let i(f) = 11*f + 48. Let u be i(-4). Let j be 66/u*(-616)/(-132). What is the greatest common divisor of 35 and j?
7
Suppose 271 = 5*s + 3*k, -4*k + 9 = -s + 77. What is the greatest common factor of 91 and s?
7
Let g = 43 + -35. Suppose g*j - 45 = 5*j. Let n be 2*(4 - j/6). Calculate the greatest common factor of 27 and n.
3
Suppose -9*d + 1037 - 3026 = 0. Let w = -145 - d. Calculate the greatest common divisor of 133 and w.
19
Suppose -5*n - 30 + 69 = -91. Calculate the greatest common factor of 326 and n.
2
Let y(n) = -3*n - 39. Let m(x) = -2*x**2 + 24*x + 7. Let a be m(11). Let v = a - 48. Let j be y(v). What is the highest common factor of j and 144?
18
Suppose -15*w - 16639 = -151729. Calculate the greatest common factor of 38 and w.
38
Let n(a) = 2*a + 10. Let t = 61 + -65. Let f be n(t). Suppose -f*i = 14 - 78. Calculate the highest common factor of i and 288.
32
Suppose 1784 = 15*v + 1184. What is the highest common factor of 28 and v?
4
Let b = -1469 - -1521. Calculate the highest common factor of b and 481.
13
Let q = 1 + 21. Suppose 0 = 24*h + 20*h - 1797 - 623. What is the highest common factor of h and q?
11
Let p = 8548 - 7090. Calculate the greatest common factor of p and 4.
2
Suppose 4*u - 5 + 26 = f, -33 = -2*f + 5*u. Calculate the greatest common divisor of 2853 and f.
9
Let o = 3728 + -2181. What is the highest common divisor of o and 595?
119
Let n = 3290 - 2275. What is the highest common factor of 10 and n?
5
Suppose 4*v - 55 = 37. Let f(h) = h**2 + 22*h - 47. Let j = 69 - 93. Let b be f(j). What is the highest common factor of b and v?
1
Let h be (-2 + (-6650)/(-49))/(3 - (-20)/(-7)). What is the highest common divisor of 864 and h?
72
Suppose -3*f - 348 = -3*l, 2*l + 5*f - 93 = 111. Let j(b) = -493*b + 13343. Let o be j(27). What is the greatest common divisor of o and l?
16
Let w = -28 - 41. Let k = w - -84. Calculate the highest common divisor of 15 and k.
15
Let s(k) = 5*k - 2*k - 17 - 2*k. Let q be s(20). Let c be -1 + (1604/4 - 1 - q). What is the greatest common divisor of c and 36?
36
Let d(x) = 10*x + 57. Let g be d(-5). Suppose 8*q - 60 = g*q. What is the greatest common divisor of 20 and q?
20
Let l = 28 - -23. Suppose 5*a - 4*r + 9*r - 100 = 0, -42 = -2*a - 4*r. Suppose -255 = -a*q + 4*q. Calculate the greatest common factor of l and q.
17
Let p = 14 + -52. Let o be 14 + -14 + (0 + 1 - p). Suppose 0 = -11*m + 182 - o. Calculate the highest common factor of m a